base 10) in base 13?
c3
What is -b44 (base 15) in base 10?
-2539
-17174 (base 14) to base 11
-3a577
What is -65714 (base 9) in base 16?
-aa47
789a (base 13) to base 5
1014413
What is 533 (base 12) in base 8?
1367
What is -13215 (base 6) in base 16?
-7eb
What is 2315 (base 16) in base 11?
6825
Convert 10233331 (base 4) to base 3.
222200111
What is -aa49 (base 12) in base 5?
-1100102
Convert 2131 (base 5) to base 13.
195
What is 568 (base 15) in base 13?
731
2163 (base 8) to base 2
10001110011
What is 321001 (base 4) in base 3?
12000011
What is -4371 (base 9) in base 2?
-110010010111
Convert -625 (base 16) to base 9.
-2137
Convert -1780 (base 9) to base 15.
-613
What is -102233 (base 8) in base 12?
-1778b
Convert -3407 (base 8) to base 4.
-130013
Convert -5214 (base 7) to base 11.
-1409
120002 (base 4) to base 3
2002222
-401021 (base 5) to base 7
-51561
Convert -272 (base 9) to base 3.
-22102
Convert -43153 (base 7) to base 4.
-2213200
Convert -335003 (base 6) to base 12.
-14463
What is 914a (base 11) in base 10?
12154
What is 1680 (base 14) in base 13?
1ab2
What is -4122 (base 8) in base 16?
-852
-144400 (base 9) to base 14
-2439b
What is 11031 (base 5) in base 13?
46c
-5533 (base 6) to base 7
-3510
What is 2477 (base 8) in base 16?
53f
-1110101111000010 (base 2) to base 16
-ebc2
Convert -10022001 (base 3) to base 7.
-10003
What is -c32 (base 16) in base 12?
-1982
What is 143 (base 11) in base 15?
b3
Convert -1052 (base 6) to base 7.
-503
Convert -21668 (base 9) to base 5.
-430044
740 (base 9) to base 2
1001011011
What is -214031 (base 5) in base 8?
-16337
-2221 (base 11) to base 5
-43202
What is 10311110 (base 4) in base 8?
46524
Convert -211113 (base 4) to base 15.
-a96
What is 413a (base 12) in base 3?
100202001
-1022 (base 15) to base 14
-1355
21511 (base 8) to base 12
5289
What is -245d (base 15) in base 12?
-458a
-547 (base 16) to base 12
-947
1527 (base 10) to base 5
22102
-1000011010011 (base 2) to base 8
-10323
What is -535 (base 12) in base 13?
-467
859 (base 10) to base 14
455
What is 150 (base 10) in base 13?
b7
What is 265 (base 14) in base 8?
741
What is -103012 (base 7) in base 4?
-10112311
What is -2bb (base 13) in base 9?
-606
Convert -5235 (base 8) to base 16.
-a9d
59df (base 16) to base 7
124035
Convert 23214 (base 7) to base 3.
22011000
14256 (base 8) to base 3
22200000
What is 216 (base 14) in base 13?
259
110233 (base 5) to base 13
1979
What is -20c5 (base 15) in base 5?
-210220
-11122 (base 5) to base 13
-487
5c5 (base 14) to base 6
5201
What is -5401 (base 8) in base 12?
-1769
What is 34342 (base 5) in base 8?
4650
-4362 (base 13) to base 12
-5513
Convert -102221 (base 3) to base 8.
-502
2225 (base 8) to base 10
1173
1e4 (base 16) to base 7
1261
What is -101000110100 (base 2) in base 10?
-2612
Convert 200002200 (base 3) to base 9.
20080
Convert 11c6 (base 14) to base 6.
22230
-224241 (base 6) to base 12
-b081
Convert -321 (base 4) to base 6.
-133
What is 5319 (base 10) in base 3?
21022000
-13551 (base 6) to base 8
-4153
What is -11127 (base 8) in base 10?
-4695
What is -170b (base 14) in base 15?
-1352
What is 1110 (base 2) in base 3?
112
Convert -32324 (base 6) to base 15.
-14b4
Convert 10212200 (base 3) to base 16.
b0a
Convert -250 (base 13) to base 10.
-403
Convert 1032 (base 5) to base 15.
97
Convert -38185 (base 9) to base 4.
-12101021
6336 (base 7) to base 12
1360
Convert 4a27 (base 11) to base 14.
256b
Convert 3155 (base 6) to base 11.
5a4
What is -18bd (base 14) in base 9?
-6126
What is -1006 (base 7) in base 5?
-2344
Convert -179a (base 15) to base 13.
-241c
-212102 (base 3) to base 6
-2532
What is 12491 (base 11) in base 7?
103102
11075 (base 9) to base 8
16276
What is -1243 (base 8) in base 13?
-3cc
-5a36 (base 15) to base 3
-222022020
What is -928 (base 13) in base 7?
-4351
-13250 (base 7) to base 13
-1811
Convert -4707 (base 15) to base 5.
-440312
Convert 707 (base 9) to base 8.
1076
What is -70ac (base 14) in base 12?
-b254
Convert 11600 (base 9) to base 13.
3702
What is 2300 (base 8) in base 4?
103000
310 (base 6) to base 13
8a
Convert 103222 (base 4) to base 16.
4ea
-738 (base 10) to base 11
-611
What is -118 (base 9) in base 2?
-1100010
What is 5347 (base 15) in base 6?
213321
-a87 (base 12) to base 7
-4333
Convert 1028 (base 13) to base 10.
2231
-aa2 (base 14) to base 15
-952
-7b (base 16) to base 5
-443
Convert -1110010110000 (base 2) to base 13.
-345c
What is -22b (base 12) in base 16?
-143
What is -33121122 (base 4) in base 5?
-4004231
What is 37293 (base 10) in base 9?
56136
Convert 1241 (base 5) to base 6.
524
What is -2202331 (base 4) in base 5?
-313204
Convert 16014 (base 7) to base 13.
205b
Convert -29217 (base 10) to base 15.
-89cc
3234 (base 5) to base 6
2020
Convert -db (base 14) to base 10.
-193
Convert 1836 (base 15) to base 3.
21011120
-3023001 (base 4) to base 12
-7629
-233030 (base 4) to base 7
-11543
What is 514043 (base 6) in base 16?
a06b
Convert -60c (base 15) to base 13.
-80a
Convert -10290 (base 12) to base 7.
-115416
What is -233233 (base 4) in base 14?
-1183
a457 (base 16) to base 14
11491
-10012 (base 3) to base 16
-56
-1488 (base 9) to base 7
-3206
What is -123 (base 6) in base 3?
-1220
What is 14993 (base 11) in base 14?
79d2
What is 6073 (base 8) in base 4?
300323
Convert e2 (base 16) to base 4.
3202
-130122 (base 4) to base 5
-24233
Convert -3b22 (base 12) to base 5.
-204134
1010211 (base 3) to base 9
1124
1221 (base 8) to base 12
469
Convert e1dd (base 15) to base 10.
47683
What is -4566 (base 12) in base 5?
-221320
-21132 (base 7) to base 15
-182c
What is 18143 (base 14) in base 15?
12e68
-3033203 (base 4) to base 6
-141255
3b (base 14) to base 11
49
7d46 (base 14) to base 3
1002221002
Convert -14434 (base 5) to base 4.
-103130
-2051 (base 12) to base 5
-103032
Convert -3018 (base 10) to base 4.
-233022
What is 1103311 (base 4) in base 11?
4038
What is 883 (base 11) in base 5?
13214
Convert 16236 (base 7) to base 4.
1013220
Convert 10f (base 16) to base 4.
10033
Convert -d10 (base 15) to base 7.
-11400
What is -71565 (base 8) in base 12?
-15131
Convert -314133 (base 5) to base 7.
-42511
What is 4d3c (base 16) in base 6?
231312
6a5 (base 16) to base 13
a0b
What is 41821 (base 9) in base 13?
c772
What is 621 (base 8) in base 13?
24b
Convert -6b9 (base 12) to base 9.
-1336
Convert 44341 (base 7) to base 12.
6554
What is ba3c (base 13) in base 12?
12bb0
30203 (base 5) to base 15
888
What is 1e1 (base 16) in base 3?
122211
bd45 (base 16) to base 3
2110110120
Convert 11212210 (base 3) to base 12.
2086
Convert -5653 (base 9) to base 4.
-1001103
What is 3071 (base 15) in base 9?
15027
What is -54b2 (base 12) in base 2?
-10010010000110
Convert 1360 (base 9) to base 5.
13101
What is 1200221 (base 4) in base 9?
8432
1011100010 (base 2) to base 13
44a
-25301 (base 6) to base 16
-ec5
Convert -32645 (base 8) to base 2.
-11010110100101
What is 2220202102 (base 3) in base 16?
e045
1101100100 (base 2) to base 5
11433
What is -180 (base 12) in base 8?
-360
Convert -984 (base 12) to base 3.
-1220201
2330 (base 7) to base 14
450
2a71 (base 16) to base 10
10865
13b (base 12) to base 3
21002
Convert 113201 (base 6) to base 2.
10011001000001
Convert -434a (base 12) to base 15.
-22d7
What is -1ab4 (base 13) in base 5?
-112114
Convert 10d3 (base 15) to base 4.
313311
What is -10010 (base 4) in base 5?
-2020
What is -bb5 (base 13) in base 5?
-31012
c4 (base 13) to base 5
1120
Convert -17757 (base 11) to base 12.
-12483
-869 (base 13) to base 12
-9bb
2751 (base 8) to base 7
4261
Convert -12020 (base 8) to base 6.
-35440
-612 (base 8) to base 2
-110001010
Convert -11330 (base 6) to base 3.
-2020200
Convert 3a1 (base 11) to base 15.
219
18128 (base 9) to base 12
7298
What is 44371 (base 9) in base 7?
151624
-2d4 (base 16) to base 10
-724
What is -21b (base 14) in base 16?
-1a1
Convert 380 (base 12) to base 9.
646
1000122 (base 3) to base 5
10441
What is -43563 (base 11) in base 5?
-4010411
-25212 (base 9) to base 3
-212020102
1020020 (base 3) to base 2
1110000001
What is 1053 (base 8) in base 10?
555
Convert -10011010111111 (base 2) to base 13.
-4690
What is -42 (base 11) in base 3?
-1201
What is -a9 (base 13) in base 11?
-117
Convert -100000010 (base 2) to base 14.
-146
-199 (base 12) to base 15